{"id":377,"date":"2024-11-30T18:22:00","date_gmt":"2024-11-30T17:22:00","guid":{"rendered":"https:\/\/lanoriamr.com\/?page_id=377"},"modified":"2024-11-30T18:38:14","modified_gmt":"2024-11-30T17:38:14","slug":"cenas-para-empresas-navidad","status":"publish","type":"page","link":"https:\/\/lanoriamr.com\/index.php\/cenas-para-empresas-navidad\/","title":{"rendered":"Cenas Navidad Empresas"},"content":{"rendered":"\n<p>En <strong>LaNoriaMR<\/strong> queremos que estas <strong>Navidades<\/strong> sean inolvidables para ti y tu equipo. Por eso, hemos dise\u00f1ado una selecci\u00f3n de men\u00fas cerrados especiales para empresas, ideales para celebrar en grande con compa\u00f1eros de trabajo y amigos en un ambiente acogedor y festivo. <strong>*Las reservas se hacen por tel\u00e9fono<\/strong><\/p>\n\n\n\n<h3 class=\"wp-block-heading\">\u00bfQu\u00e9 Ofrecemos?<\/h3>\n\n\n\n<p>Nuestros <strong>men\u00fas<\/strong> incluyen una combinaci\u00f3n exquisita de entrantes, <strong>platos principales, postres y bebidas<\/strong> seleccionadas con mimo para garantizar una experiencia culinaria excepcional. Ya sea para una <strong>comida informal o una cena elegante<\/strong>, tenemos opciones que se adaptan a todos los gustos y presupuestos.<\/p>\n\n\n\n<figure class=\"wp-block-image size-large\"><img decoding=\"async\" width=\"722\" height=\"1024\" src=\"https:\/\/lanoriamr.com\/wp-content\/uploads\/2024\/11\/Menu-Navidad-2024_page-0001-722x1024.avif\" alt=\"\" class=\"wp-image-387\" srcset=\"https:\/\/lanoriamr.com\/wp-content\/uploads\/2024\/11\/Menu-Navidad-2024_page-0001-722x1024.avif 722w, https:\/\/lanoriamr.com\/wp-content\/uploads\/2024\/11\/Menu-Navidad-2024_page-0001-211x300.avif 211w, https:\/\/lanoriamr.com\/wp-content\/uploads\/2024\/11\/Menu-Navidad-2024_page-0001-768x1089.avif 768w, https:\/\/lanoriamr.com\/wp-content\/uploads\/2024\/11\/Menu-Navidad-2024_page-0001-1083x1536.avif 1083w, https:\/\/lanoriamr.com\/wp-content\/uploads\/2024\/11\/Menu-Navidad-2024_page-0001-1444x2048.avif 1444w, https:\/\/lanoriamr.com\/wp-content\/uploads\/2024\/11\/Menu-Navidad-2024_page-0001.avif 1749w\" sizes=\"(max-width: 722px) 100vw, 722px\" \/><\/figure>\n\n\n\n<figure class=\"wp-block-image size-large\"><img decoding=\"async\" width=\"722\" height=\"1024\" src=\"https:\/\/lanoriamr.com\/wp-content\/uploads\/2024\/11\/Menu-Navidad-2024_page-0002-722x1024.avif\" alt=\"\" class=\"wp-image-388\" srcset=\"https:\/\/lanoriamr.com\/wp-content\/uploads\/2024\/11\/Menu-Navidad-2024_page-0002-722x1024.avif 722w, https:\/\/lanoriamr.com\/wp-content\/uploads\/2024\/11\/Menu-Navidad-2024_page-0002-211x300.avif 211w, https:\/\/lanoriamr.com\/wp-content\/uploads\/2024\/11\/Menu-Navidad-2024_page-0002-768x1089.avif 768w, https:\/\/lanoriamr.com\/wp-content\/uploads\/2024\/11\/Menu-Navidad-2024_page-0002-1083x1536.avif 1083w, https:\/\/lanoriamr.com\/wp-content\/uploads\/2024\/11\/Menu-Navidad-2024_page-0002-1444x2048.avif 1444w, https:\/\/lanoriamr.com\/wp-content\/uploads\/2024\/11\/Menu-Navidad-2024_page-0002.avif 1749w\" sizes=\"(max-width: 722px) 100vw, 722px\" \/><\/figure>\n\n\n\n<figure class=\"wp-block-image size-large\"><img decoding=\"async\" width=\"722\" height=\"1024\" src=\"https:\/\/lanoriamr.com\/wp-content\/uploads\/2024\/11\/Menu-Navidad-2024_page-0003-722x1024.avif\" alt=\"\" class=\"wp-image-389\" srcset=\"https:\/\/lanoriamr.com\/wp-content\/uploads\/2024\/11\/Menu-Navidad-2024_page-0003-722x1024.avif 722w, https:\/\/lanoriamr.com\/wp-content\/uploads\/2024\/11\/Menu-Navidad-2024_page-0003-211x300.avif 211w, https:\/\/lanoriamr.com\/wp-content\/uploads\/2024\/11\/Menu-Navidad-2024_page-0003-768x1089.avif 768w, https:\/\/lanoriamr.com\/wp-content\/uploads\/2024\/11\/Menu-Navidad-2024_page-0003-1083x1536.avif 1083w, https:\/\/lanoriamr.com\/wp-content\/uploads\/2024\/11\/Menu-Navidad-2024_page-0003-1444x2048.avif 1444w, https:\/\/lanoriamr.com\/wp-content\/uploads\/2024\/11\/Menu-Navidad-2024_page-0003.avif 1749w\" sizes=\"(max-width: 722px) 100vw, 722px\" \/><\/figure>\n\n\n\n<figure class=\"wp-block-image size-large\"><img decoding=\"async\" width=\"722\" height=\"1024\" src=\"https:\/\/lanoriamr.com\/wp-content\/uploads\/2024\/11\/Menu-Navidad-2024_page-0004-722x1024.avif\" alt=\"\" class=\"wp-image-390\" srcset=\"https:\/\/lanoriamr.com\/wp-content\/uploads\/2024\/11\/Menu-Navidad-2024_page-0004-722x1024.avif 722w, https:\/\/lanoriamr.com\/wp-content\/uploads\/2024\/11\/Menu-Navidad-2024_page-0004-211x300.avif 211w, https:\/\/lanoriamr.com\/wp-content\/uploads\/2024\/11\/Menu-Navidad-2024_page-0004-768x1089.avif 768w, https:\/\/lanoriamr.com\/wp-content\/uploads\/2024\/11\/Menu-Navidad-2024_page-0004-1083x1536.avif 1083w, https:\/\/lanoriamr.com\/wp-content\/uploads\/2024\/11\/Menu-Navidad-2024_page-0004-1444x2048.avif 1444w, https:\/\/lanoriamr.com\/wp-content\/uploads\/2024\/11\/Menu-Navidad-2024_page-0004.avif 1749w\" sizes=\"(max-width: 722px) 100vw, 722px\" \/><\/figure>\n","protected":false},"excerpt":{"rendered":"<p>En LaNoriaMR queremos que estas Navidades sean inolvidables para ti y tu equipo. Por eso, hemos dise\u00f1ado una selecci\u00f3n de men\u00fas cerrados especiales para empresas, ideales para celebrar en grande con compa\u00f1eros de trabajo y amigos en un ambiente acogedor y festivo. *Las reservas se hacen por tel\u00e9fono \u00bfQu\u00e9 Ofrecemos? Nuestros men\u00fas incluyen una combinaci\u00f3n [&hellip;]<\/p>\n","protected":false},"author":1,"featured_media":0,"parent":0,"menu_order":0,"comment_status":"closed","ping_status":"closed","template":"","meta":{"_acf_changed":false,"_monsterinsights_skip_tracking":false,"_monsterinsights_sitenote_active":false,"_monsterinsights_sitenote_note":"","_monsterinsights_sitenote_category":0,"footnotes":""},"class_list":["post-377","page","type-page","status-publish","hentry"],"aioseo_notices":[],"acf":[],"_links":{"self":[{"href":"https:\/\/lanoriamr.com\/index.php\/wp-json\/wp\/v2\/pages\/377","targetHints":{"allow":["GET"]}}],"collection":[{"href":"https:\/\/lanoriamr.com\/index.php\/wp-json\/wp\/v2\/pages"}],"about":[{"href":"https:\/\/lanoriamr.com\/index.php\/wp-json\/wp\/v2\/types\/page"}],"author":[{"embeddable":true,"href":"https:\/\/lanoriamr.com\/index.php\/wp-json\/wp\/v2\/users\/1"}],"replies":[{"embeddable":true,"href":"https:\/\/lanoriamr.com\/index.php\/wp-json\/wp\/v2\/comments?post=377"}],"version-history":[{"count":5,"href":"https:\/\/lanoriamr.com\/index.php\/wp-json\/wp\/v2\/pages\/377\/revisions"}],"predecessor-version":[{"id":404,"href":"https:\/\/lanoriamr.com\/index.php\/wp-json\/wp\/v2\/pages\/377\/revisions\/404"}],"wp:attachment":[{"href":"https:\/\/lanoriamr.com\/index.php\/wp-json\/wp\/v2\/media?parent=377"}],"curies":[{"name":"wp","href":"https:\/\/api.w.org\/{rel}","templated":true}]}}